v. Calculate q(3).
0
Let l = 7 - 7. Suppose 3*n - 2*q - 12 = 0, -3*n + l*n + 5*q = -3. Let m(f) be the second derivative of f**4/12 - 5*f**3/6 - 5*f**2/2 + 18*f. Determine m(n).
1
Let z(o) = 3*o**2 + 7*o - 1. Let y(l) = -4*l**2 - 7*l + 1. Let k(w) = 4*y(w) + 5*z(w). Let h be ((-8)/2)/((-24)/36). Suppose h = -12*v + 14*v. Determine k(v).
11
Let c(u) = u**2 + 5*u + 4. Let s = 63 - 66. Let l be (-10)/35*3*(s + 10). What is c(l)?
10
Suppose 63*v + 91 = 50*v. Let m(w) = -2*w + 11. What is m(v)?
25
Let l(v) = -5*v**3 + 7*v**2 - 3*v + 3. Let j(h) = -11*h**3 + 13*h**2 - 4*h + 5. Let m(s) = -6*j(s) + 13*l(s). What is m(-14)?
23
Suppose -29 - 293 = 46*u. Let h(i) = i**2 + 6*i + 1. What is h(u)?
8
Suppose 0 = 5*r - 20 - 5. Let w = r - 13. Let u be (-85)/34*w/(-5). Let y(c) = c**2 + 4*c + 6. What is y(u)?
6
Let s(r) = -16*r**2 - r. Let c(i) = 27*i + 136. Let f be c(-5). Determine s(f).
-17
Let a be (-3)/((-10)/(-36) + (-16)/(-72)). Let i(d) = 2*d - 6. Calculate i(a).
-18
Suppose 37*f = -3 - 71. Let r(y) = 6*y - 2. What is r(f)?
-14
Let c(z) = -7*z + z**2 - 7 - z**2 - 3*z**2 + 2*z**2. Let p(s) = s**3 + 5*s**2 + 8*s + 8. Let r be p(-4). Calculate c(r).
-15
Let a = -8 + 11. Let x(w) = -w**2 - 6*w + 3. Let f(p) = p**2 + 5*p - 2. Let h(z) = 7*f(z) + 6*x(z). Give h(a).
10
Let v(a) = -6*a + 9*a + 17*a**2 + a**3 - 3 - 23 - 21*a + 6. Determine v(-18).
-20
Let w(t) = -t - 13. Let f be 2/(-3) - 2414/213. Calculate w(f).
-1
Let a(i) = -2*i + 1. Let q(x) = -11*x + 32. Let s(p) = 4*a(p) - q(p). Calculate s(13).
11
Let q be (1/2)/(1/8). Suppose 1235 = 5*a - 0*a. Let t(d) = -247 - d + a. Calculate t(q).
-4
Let r(p) be the third derivative of 0 - 1/30*p**5 + 1/3*p**3 - 19*p**2 + 0*p + 1/24*p**4. Let t = 6 + -3. Calculate r(t).
-13
Let q = -19 - -6. Let d be q - -14 - 4/(-1). Let h(w) = w**2 - 5*w - 5. Give h(d).
-5
Let h(p) = 4*p - 1. Let k(y) be the second derivative of -2*y**3/3 + y**2/2 - 7*y. Let f(w) = -2*h(w) - 3*k(w). Give f(2).
7
Suppose 2*w + 15 - 3 = 0. Let g(l) = 12*l**2 - 23*l**2 - 2 + 7*l + 2 + 1 + 12*l**2. Determine g(w).
-5
Let c(w) = -w**3 - 3*w**2 + 6*w + 5. Let i be (-1)/3*3*0. Let p be (i + -2)/((-7)/(-14)). Calculate c(p).
-3
Let y(r) = -10*r - 4. Let k(w) = -2*w - 2. Let u(b) = -2*k(b) + y(b). What is u(1)?
-6
Let y be (-12)/(-16) + (-2)/(-8). Let j(b) = 7*b + 3. Let c be j(y). Let q(o) = o**2 - 11*o + 12. Determine q(c).
2
Suppose 2*g - 6 = -5*u, 5*u = u. Let i(o) = 2*o**2 - 6*o**2 + 2*o + o**g + 433 - 435. Give i(2).
-6
Suppose -5*z = 4*g - 23, 3*g - 4*z = g - 8. Let o(q) = -26*q**g - 4 - q**3 + 24*q**2 + 5 + 4*q + 0*q**3. What is o(-3)?
-2
Let k(i) be the first derivative of -i**2 + 3*i + 1. Let d(l) = -l**3 + 14*l**2 + 22*l - 110. Let q be d(15). What is k(q)?
13
Let m(b) be the first derivative of -b**3/3 + 6*b**2 + 8*b + 521. Calculate m(12).
8
Let q(x) = x**2 + 10*x - 5. Let y(d) = 3*d**3 - 12*d**2 - 4*d + 5. Let u be y(4). What is q(u)?
6
Let s(m) = -m - 6. Let w(n) = -2*n - 12. Let z = -18 - -13. Let x(k) = z*s(k) + 3*w(k). Let u be ((-575)/460)/((-1)/(-4)). What is x(u)?
-1
Let d = 1111/1362 - -4/227. Let x(l) be the second derivative of 1/6*l**4 - d*l**3 + 0 - 1/2*l**2 - 3*l. Give x(4).
11
Suppose 223 = 12*n + 31. Suppose u + 3*u + n = 0. Let z(v) = v**2 + 4*v - 4. Calculate z(u).
-4
Let m(a) = -a**3 + a**2 + a - 2. Let d(b) = 5*b**3 + 2*b**2 - 10*b + 18. Let y(l) = -d(l) - 4*m(l). Let c = 18 - 25. Give y(c).
-3
Let b(g) = -5*g**3 - 17*g + 4*g**3 + 13*g**2 + 3 - 3*g**2 + 1. Let y be b(8). Let x(d) = d**2 + 5*d - 2. Determine x(y).
-6
Let u(q) = q**2 + 3*q - 3. Suppose 5*c - 21 = 3*m, 3*c + 4*m - m - 3 = 0. Determine u(c).
15
Let r(y) = -9*y**2 + 8*y**2 + 5 + 3*y + 0*y. Calculate r(6).
-13
Let n(h) = -5*h - 6. Let c(o) = 1. Let a(y) = 6*c(y) - n(y). Calculate a(-4).
-8
Let t(u) = -6*u + 5. Let w(j) = -2*j + 2. Let z(s) = -2*t(s) + 5*w(s). Calculate z(8).
16
Let a(x) be the first derivative of -x**3/3 - x**2/2 + 5*x + 76. Give a(4).
-15
Let i(g) = -g - 5. Suppose 2*c + 2 = -c + 4*h, 5*h = -5. Determine i(c).
-3
Let z(p) be the second derivative of -p**6/720 + p**5/40 - p**4/2 - p. Let n(r) be the third derivative of z(r). Give n(6).
-3
Let l(y) be the second derivative of y**8/6720 - y**7/1260 + y**6/240 + 5*y**4/12 + 8*y. Let b(h) be the third derivative of l(h). Give b(2).
6
Suppose g + 0*g = 11. Let h = g + -5. Let j(f) be the first derivative of -f**4/4 + 2*f**3 + f**2 - 3*f - 1. Determine j(h).
9
Let v(w) = w**2 + w + 14. Suppose 8*u = 9*u. What is v(u)?
14
Let q(u) be the first derivative of 1/12*u**4 - 5 + 0*u - 11/3*u**3 + 0*u**2 + 1/40*u**5. Let o(z) be the third derivative of q(z). Calculate o(-2).
-4
Let k(s) be the second derivative of s**3/6 + 2*s**2 + 2*s - 170. Determine k(-10).
-6
Let r(k) = 2 + 1 + 12*k - 2. Let b(z) be the second derivative of -z**4/6 + 7*z**3/6 - z**2/2 - 2*z - 38. Let w be b(0). Calculate r(w).
-11
Let c(k) be the second derivative of 13*k**3/6 + 2*k**2 - 698*k. Give c(5).
69
Suppose 0 = 4*u + 21*u. Let r(z) be the second derivative of -1/6*z**4 - z - 1/20*z**5 + z**2 + u - 1/6*z**3. Calculate r(-2).
4
Let k(b) = b**3 + 91*b**2 + 178*b - 2. Let t be k(-89). Let z(a) be the second derivative of -5*a**3/3 - a**2/2 - a. Calculate z(t).
19
Let w(j) = 5 + 3 - j - 2. Suppose -5*k = -6 - 4. Suppose 2*v + 0 + k = 0, -3*p - 2*v = -16. Give w(p).
0
Let w(f) = 4*f**2 + 12*f + 0 - 3*f**2 + 3 - 9*f - 7. What is w(-7)?
24
Let n(u) = -2*u**3 - 4*u**2 - u + 7. Let i be n(-4). Let s = 75 - i. Let f(v) = v - 7. Give f(s).
-7
Let r(n) = 2*n**2 + 2*n - 8. Let k be r(-3). Let i(u) = -12*u + 3. Give i(k).
-45
Let i(z) be the first derivative of z**2/2 + 10*z - 104. Determine i(-6).
4
Suppose -9*x - 15 = 3*a - 6*x, 0 = 3*x + 15. Let j(f) be the second derivative of 0*f**2 - 1/4*f**4 - 1/6*f**3 - 2*f + a. What is j(-1)?
-2
Let t(s) = -8*s - 259 + 128 + 137. Give t(7).
-50
Let s(i) be the second derivative of 7/2*i**2 - 1/6*i**3 + 0 - i. Give s(4).
3
Let q(c) be the third derivative of -c**6/120 - c**5/20 + c**4/6 + 2*c**3/3 - 2*c**2 - 55. Give q(-3).
-8
Suppose 0 = 40*p - 38*p - 4. Let q(c) = 2 + p*c**2 - 5 + 2 - 6*c**2. What is q(2)?
-17
Suppose 33*l - 23*l = 40. Let a(j) = j**3 - 4*j**2 - 3*j + 8. Calculate a(l).
-4
Let p(b) = -3*b - 4. Let t(n) = -3*n - 30. Let d be t(-7). What is p(d)?
23
Suppose 5*n - 17 = 4*z, 9 = -4*z + 2*n - 5. Let j(l) = -5*l - 5. Give j(z).
10
Let s(n) = -2*n**2 + n + 2. Let z(w) = w**2 - 78*w + 76. Let v be z(1). Calculate s(v).
-1
Let a(s) = -s**2 - 14*s - 7. Let n = -211 + 204. Determine a(n).
42
Let c(u) = u**2 + 4*u - 3. Let y(s) = -2*s + 5*s**3 - 13*s**3 + 7*s**3 - 9 - 6*s**2. Let p be y(-6). Suppose -16 = -p*z + 7*z. Determine c(z).
-3
Let j(b) = b**2 + 5*b - 4. Let r(u) = -2*u + 38. Let t be r(16). Let w be (4 - -1)/(6 + t + -13). Calculate j(w).
-4
Let q = 20 - 17. Let s(d) = -6*d**2 + 55 - 18 - 5*d - 12 - d**q - 21. Calculate s(-4).
-8
Suppose j + 1 = 4*t, -11*j + 9*j - 2 = 5*t. Let d(w) = -11*w**2 - 2*w - 1. Determine d(j).
-10
Let f(h) = h**3 + 4*h**2 - 4*h - 6. Let j = -245 + 240. Calculate f(j).
-11
Suppose -2*y = -5*v + 61 + 25, -5*v + 80 = -5*y. Suppose 0 = 4*f - 6 + v. Let h(w) = w + 2. Determine h(f).
-1
Suppose -4*j = 20, -4*s = -4*j - 1 + 9. Let k be (-4 + 1 + 2)*s. Suppose 10 = 5*l, 2*g + l = -g - k. Let x(q) = q**3 + 3*q**2 - 3*q + 4. What is x(g)?
13
Let f(t) be the second derivative of 1/12*t**4 - 3/2*t**2 + 0 + 0*t**3 - 20*t. Determine f(-3).
6
Suppose -11 = 4*g + 9, -3*x - g + 4 = 0. Let n(z) be the third derivative of 1/24*z**4 - 1/60*z**5 - 1/3*z**3 + 29*z**2 + 0*z + 0. Calculate n(x).
-8
Let l(n) = -3*n**2 + n - 2. Let a(b) = -3*b**2 + 2*b - 3. Let g = -21 + 18. Let y be (g + 13/3)*3. Let r(w) = y*a(w) - 5*l(w). Give r(2).
16
Let t(k) = 4*k - 42. Let q = -524 - -536. What is t(q)?
6
Let h(z) = -2*z**3 + z. Suppose -5*r - 16 = -6. Determine h(r).
14
Let c(x) = -4*x. Let b(o) = -o + 1. Let k(h) = b(h) + c(h). Suppose -4*m + 3*m = 3*l + 8, -4*m + 5*l = -36. Suppose m*f - 1 = -5. What is k(f)?
6
Let h(f) be the second derivative of -f**3/3 + 5*f**2 - f + 8. Calculate h(3).
4
Let w(y) = -y + 6. Let q be w(-2). Let p be q/4*-1 - 0. Let m(k) be the first derivative of -k**2 + 2*k - 10. Calculate m(p).
6
Let f(g) = 48976*g + 11 - 48974*g + 20. Determine f(0).
31
Let k be (-4)/8